- f. Suppose -s - 2*k + 42 = 0, k + h = s - 53. What are the prime factors of s?
2, 13
Let b(a) = -227 - 13 - 12 + 77*a. What are the prime factors of b(6)?
2, 3, 5, 7
Let t(r) = 115*r + 122. Suppose 150 - 99 = 17*a. What are the prime factors of t(a)?
467
List the prime factors of (-610688)/(-65) - (4/5)/4.
5, 1879
Suppose 2368151 = 226*l - 2720239. List the prime factors of l.
3, 5, 19, 79
Let i be (-1 - 3)/(12/(-36)). What are the prime factors of (-4)/(-16) + 14397/i?
2, 3, 5
Suppose 21*w + 3*u - 2963 = 20*w, 5*w + u = 14745. Suppose 12*r - 16*r = -w. List the prime factors of r.
11, 67
Suppose -l + 134*b - 137*b + 63605 = 0, l - 63597 = 5*b. List the prime factors of l.
2, 7, 11, 59
Let o = 32 - 31. Let d be 112 - (6/(-8) - o/4). Let m = -11 + d. List the prime factors of m.
2, 3, 17
List the prime factors of 2418/(-65)*(3/2 + (-10312)/48).
2, 31
Let p(l) be the second derivative of -2*l**3/3 + 25*l**2 - l + 17. Let j(f) = -29*f**2 - 1. Let h be j(1). What are the prime factors of p(h)?
2, 5, 17
Let j = -4645 + 9739. What are the prime factors of j?
2, 3, 283
Let h be (-16 - -15) + -24*(-90)/(-4). Let k = h - -986. What are the prime factors of k?
5, 89
Let q = 3581 + -2483. Let x = q + -646. What are the prime factors of x?
2, 113
Suppose -3415 = -15*m + 41270. What are the prime factors of m?
3, 331
Suppose -84416 + 619638 + 1138416 = 97*x. List the prime factors of x.
2, 8627
Suppose 2*o = -4*y + 8, -10 = -5*y - 3*o + 6*o. Suppose 0 = -i - g + 54, y*g - 3*g = 2*i - 105. Let f = -24 + i. List the prime factors of f.
3
Let c(q) = q**3 - 27*q**2 + 57*q - 43. Let s be c(25). Let o = 155 + s. What are the prime factors of o?
7, 41
Let r = 42224 - -5940. What are the prime factors of r?
2, 12041
Let p(o) = 1570*o - 5481. What are the prime factors of p(26)?
35339
Let l = 46 + -52. Let a be (5 + (-1435)/15)*l/4. Suppose -492 = 132*o - a*o. What are the prime factors of o?
3, 41
Let r be 1 - (-11)/4 - 5/(-20). Let m be 1/(-2)*1/(r/(-136)). Let i = -8 + m. List the prime factors of i.
3
Suppose q = -3*b + 10947, 2*b + 14246 = -3*q + 47073. What are the prime factors of q?
3, 7, 521
Let y(g) = 19*g + 25. Let t be y(-4). Let p be (-11866)/t*(-1 + (-5)/(-2)). Let v = p + -168. What are the prime factors of v?
181
What are the prime factors of 27881*((-338)/(-4225) + 286/175)?
2, 3, 7, 569
Suppose u - 3*t - 12 = 0, -5*u = -6*u - t. Suppose 2*b - 8 = 0, 0 = u*i + 2*b - 1482 + 535. What are the prime factors of i?
313
List the prime factors of (30/4)/(63/152544).
2, 5, 227
Let q be 2 + (-163)/(-6) + 1/(-6). Let u(k) = 40*k - 190. What are the prime factors of u(q)?
2, 5, 97
Let k = -53 + 47. Let c be (k/9)/((8/18)/(-4)). Suppose 352 = -c*f + 10*f. List the prime factors of f.
2, 11
Suppose -9*c - m + 66334 = -4*c, m + 39810 = 3*c. What are the prime factors of c?
2, 31, 107
Let n(d) = d**3 + 17*d**2 + 28*d + 5. Let z = -11 + -4. What are the prime factors of n(z)?
5, 7
Suppose 56*i - 132*i + 145971 = -67*i. What are the prime factors of i?
7, 331
Let u(a) = 1190*a**2 - 213*a - 857. List the prime factors of u(-4).
3, 5, 47
Let y(f) = f**3 + 6*f**2 + 6*f + 11. Let c be y(-5). Let k(b) = 44*b + 14. What are the prime factors of k(c)?
2, 139
Let v(o) = 8*o**2 + 6*o + 6. Suppose 24 = -4*j - 2*l, 3*l = -4*j - 0*j - 26. Let i be 4/j*(-1)/((-8)/20). List the prime factors of v(i).
2, 13
Let i = 4214 - 2954. Suppose 2*t = 2, 0*n + n + 2*t - 7 = 0. Suppose 0 = -n*j + 2*p + i, -3*p + 1235 = 7*j - 2*j. What are the prime factors of j?
2, 5
Suppose -3*g = -12, 4*y + g + 7 - 355 = 0. Let j = y + -91. Let q(i) = -5*i + 32. What are the prime factors of q(j)?
3, 19
Let t = -7683 - -15506. Suppose -11*c = -t - 471. What are the prime factors of c?
2, 13, 29
Suppose 15*x + 8*x + 7*x = 1844010. List the prime factors of x.
3, 7, 2927
Suppose -2*r + 2*i = -22234, 0 = 3*r + 5*i + 620 - 33931. What are the prime factors of r?
2, 3, 463
Suppose -6*j - 12*j = -12420. Suppose -4*n - 5*u = -7*n + j, n - u = 228. What are the prime factors of n?
3, 5
Suppose -5*k + 6 + 4 = 0. Suppose -4*f + h - 16 = 0, -k*f - 4*h - 12 = f. What are the prime factors of 35/(-50)*f*25?
2, 5, 7
Let c be 478/(-8) + -1*(-5)/(-20). Let a = 100 + c. Suppose a + 14 = d. What are the prime factors of d?
2, 3
Suppose -5*j + 1262 + 3353 = 0. Suppose 4*z + j = 5*g, 3*g + 42*z - 39*z - 570 = 0. List the prime factors of g.
11, 17
Let z(c) = -6*c - 24. Let y be z(-7). Let w(f) = 3*f + 21. Let g be w(y). Suppose 0 = -u + g - 70. What are the prime factors of u?
5
Suppose 4*b + r - 5*r = 60, 45 = 3*b + 4*r. Suppose -b*g + 10*g + 2565 = 0. List the prime factors of g.
3, 19
Let b be ((-8)/6)/(54/(-81)). Let w(k) = -6 + 17 - 10*k**2 - b + 4*k - k**3. What are the prime factors of w(-11)?
2, 43
Suppose 0 = -2*a + 7*a - 3*q - 22, -3*q - 12 = 0. Suppose -4*l - 174 = -2*b, -5*l - 41 = -a*b + 128. Let j = 182 - b. What are the prime factors of j?
5, 17
What are the prime factors of (30 + -4 + -11 + -3)/(3/3152)?
2, 197
Let x(l) = -3*l - 21*l + 5 + 44*l. Let g be x(12). Suppose 4*t + g = 705. List the prime factors of t.
5, 23
Let a be ((-21)/(-12))/((-5)/60). Let z = a + -139. What are the prime factors of (-7)/(14/z)*1?
2, 5
List the prime factors of (1 + -8)*((-135600)/14 + 14).
2, 33851
Let p(t) = t**3 + 2 - 2*t**2 - 3*t + 0*t**2 + t**2. Let d be p(2). Let g(h) = h**2 + h + 119. List the prime factors of g(d).
7, 17
Suppose 27*o - 31*o + 408 = 0. Suppose -l = -4*l - 5*s + 296, l + 5*s - o = 0. Let b = -54 + l. List the prime factors of b.
43
Let f be 65403/72 + 18/(-48). Suppose 14*b - f = 13*b - y, -4*b + 3656 = -4*y. List the prime factors of b.
911
List the prime factors of (-3 + 323/119 + (-10)/14)*-3698.
2, 43
Suppose 65 - 61 = 2*g. Suppose -3*c - g*i + 720 = 0, -6 = -0*i - 2*i. What are the prime factors of c?
2, 7, 17
Suppose -4*z - 79*o + 217756 = -75*o, 5*o = -30. List the prime factors of z.
5, 10889
Suppose 4*q = 2*q + 50. Suppose 5*o + 40 + q = 0. What are the prime factors of (-2 + o/(-5))*10?
2, 3
Suppose -2*w = 4*f - 8, 0*f + f = 3*w + 23. Let j = 344 - w. List the prime factors of j.
2, 5, 7
Let i(c) = 930*c**3 - 9*c**2 + 3*c + 81. List the prime factors of i(4).
3, 43, 461
Suppose 11 + 211 = -h. What are the prime factors of (28*1/2)/((-3)/h)?
2, 7, 37
Let c(v) = v**2 - 1 - v - 2*v - 4*v + 15. Let f be c(6). Suppose f*i = 4*i + 356. What are the prime factors of i?
89
Let d(k) = k**2 + 5*k + 14. Suppose 5*a - 5*o - 10 = 0, -a + 4*a = -3*o + 18. Let u be -2 - (12/a + 1). What are the prime factors of d(u)?
2, 5
Let h = -5 + 8. Suppose 3*c - 16 = -2906*s + 2907*s, 3*s + 33 = 4*c. Suppose -c*a - 164 = -w, -h*w + 394 = 3*a - 122. List the prime factors of w.
2, 5, 17
Let b = 6538 + -1231. List the prime factors of b.
3, 29, 61
Let f = 3 + 31. Let p be 5*-2 - (0 - -1). Let x = p + f. List the prime factors of x.
23
Suppose -46*d = -61*d + 30. Suppose -5*i = 3*r - 6200, 0 = 4*i - d*r - 1720 - 3218. What are the prime factors of i?
1237
Suppose 3*n - 12238 = 12119. Suppose 0 = 7*w + 2533 - n. List the prime factors of w.
2, 3, 7, 19
Suppose j - 3*j + 16 = u, u - 4*j = 40. Suppose u*z = 9*z + 1260. What are the prime factors of z?
2, 3, 7
Suppose -y - 5*y = 654. Suppose -3*d = -610 - 65. Let f = y + d. What are the prime factors of f?
2, 29
Let x(b) = 5*b**3 - 11*b - 20 - 6*b**3 - 16*b**2 + 6*b**2. Let p be x(-8). What are the prime factors of ((-3)/3)/(2/p)?
2, 3, 5
List the prime factors of -12884*((-1)/10)/(-7 - (-428)/60).
3, 3221
Suppose -4*f = -5*z - 2890, 5*z + 3054 - 124 = -4*f. Let o = z + 1395. What are the prime factors of o?
3, 271
Suppose 4*r + 96 = 3*g + 7*r, -g - 3*r = -36. Let y(d) = 29 - 12*d - g - 2*d. What are the prime factors of y(-14)?
3, 5, 13
Let d(s) = s. Let w(u) = 5*u + 2. Let b(j) = 6*d(j) + w(j). Let q be b(20). Suppose -20*m + q = -17*m. List the prime factors of m.
2, 37
Let h = -5553 - -27911. What are the prime factors of h?
2, 7, 1597
Let p = -136 - -138. Suppose 100 = 3*w + 4*o - 298, -p*w = 4*o - 268. List the prime factors of w.
2, 5, 13
Let c = 2414 - -11818. What are the prime factors of c?
2, 3, 593
Suppose 0 = -5*v + k + 5930, v - 3*v + 3*k + 2385 = 0. Suppose -2*t = -7*t + v. What are the prime factors of t?
3, 79
Let q(f) = f**2 - 21*f - 77. Suppose 0 = 6*